t - 21 = s + 3*t, -3*s + t = -17. Suppose -s*y - y = -725. What is the hundreds digit of y?
1
Let l(j) = -j**3 + 6*j**2 + 10*j - 9. Let m be l(7). Suppose m = -5*h + 9*h. Suppose h*w - 3*n = -0*n + 24, -12 = -2*w + 3*n. What is the units digit of w?
2
Let m(g) = -2*g**3 + 97*g**2 - 102*g + 72. What is the thousands digit of m(47)?
1
Let f(b) = 4*b + 51. Let c be f(-10). Suppose 0 = i - 121 + c. What is the units digit of i?
0
Let m(r) = 373*r + 57. What is the units digit of m(3)?
6
What is the tens digit of (-7*(-5)/15)/(8/1776)?
1
Let v = 36 + 39. Suppose -o - 2*p + v = 0, -3*p = p. What is the tens digit of o?
7
Suppose -2*k + 6 = -0*k. Let g(m) = 9*m + 8. Let x be g(k). Suppose -f + 31 + x = 0. What is the tens digit of f?
6
Suppose -5*f = 5*y + 200, 2*f + 124 = -3*y - 0*f. Let l = y + 95. What is the tens digit of l?
5
Let d = -390 + 402. Suppose -5*w - 15 = 0, -170 = -q - 3*q - 2*w. Let h = q - d. What is the units digit of h?
2
Suppose 71*f - 4465 = 52*f. What is the tens digit of f?
3
Let q(y) = -2*y - 30. Let w be q(-15). Let n(l) = l**2 + 5*l + 4. Let a be n(-5). Suppose -2*i + a*i - 16 = w. What is the units digit of i?
8
Suppose -5*n = 0, -4*l + 80 = 2*n + 2*n. Suppose 4*z - 2*q = 294, 6*q + l = 10*q. What is the tens digit of z?
7
Suppose 17*v = 21*v - 3708. Suppose -7*o + 4*o = -v. What is the tens digit of o?
0
Let n = -168 + 1957. What is the hundreds digit of n?
7
Let h(z) = 16*z + 3. Let q be h(-3). Let y = q - -27. Let b = y + 30. What is the units digit of b?
2
Let x = -18 - -12. Let s(r) = -8*r + 13. What is the units digit of s(x)?
1
Suppose -r + 19 + 1326 = 0. What is the hundreds digit of r?
3
Let t = -26 + 29. Suppose t*p - 36 = -0*p. What is the units digit of p?
2
Let x = -253 - -428. What is the hundreds digit of (x - 1)/((-6)/(-4))?
1
Let t = 693 + -748. Suppose 134 - 14 = -5*z. Let x = z - t. What is the units digit of x?
1
Let m be 12/10*55/22. Suppose -5*a + 5 = -2*j, 0*a + m = -3*j + 3*a. Suppose -t + o + 2*o = -37, -5*t + 3*o + 125 = j. What is the units digit of t?
2
Suppose v - 4*v + 99 = 0. Suppose v = 4*o - o. What is the units digit of o + -9 - (-26 + 0)?
8
Let o = 1219 + 1265. What is the units digit of o?
4
Suppose 4*l - 274 = -4*g + 2*l, g - 4*l - 46 = 0. Suppose 0 = -4*b - g + 502. What is the tens digit of b?
0
Suppose -3*w - 5220 = -13*w. Suppose 2*x + 3*p - w = -x, 0 = 3*x + 4*p - 522. What is the hundreds digit of x?
1
Let z = 4760 + -1689. What is the tens digit of z?
7
Let z(l) = 49*l**2 + 26*l + 20. What is the units digit of z(-5)?
5
Let p be (-1)/((-4)/(-60))*(-43)/3. Let n be 1/(-3) - (-30)/9. Suppose 0 = -5*d - 5*j + p, -n*j + 2*j = 1. What is the tens digit of d?
4
Let y be 1 + 3 + (8 - 10). Let b be 0/(-1 - y/1). Suppose k + k + 4 = b, -3*v + 28 = -5*k. What is the units digit of v?
6
Let m(f) = -15*f - 8. Let x(s) = -2*s - 8. Let g be x(2). What is the tens digit of m(g)?
7
Let b = 356 + -319. What is the units digit of b?
7
Let z = 218 - 138. Suppose -8*b - z + 496 = 0. What is the units digit of b?
2
Let l(c) = 10*c. Let h be l(8). Let a be (1/1 - 6) + (30 - 3). Suppose a*v - h = 20*v. What is the units digit of v?
0
Suppose -6 + 5 = -m. Let c be m/(-2)*(0 - 6). Suppose c*z - 8 = 34. What is the tens digit of z?
1
Let r(b) = -2*b**2 - 69*b + 42. What is the units digit of r(-14)?
6
Let u(w) = 4*w**2 + 35*w - 9. Let c be u(-16). Suppose 5*z = -60 + c. What is the tens digit of z?
7
Let m = -3019 + 5374. What is the units digit of m?
5
Let h(i) = -16*i**2 + 10*i - 10. Suppose 2*d - 1 = -17. Let k(o) = o**2 - o + 1. Let n(y) = d*k(y) - h(y). What is the units digit of n(1)?
8
Let u(y) = -y**3 + 7*y**2 - 6*y - 2. Suppose t - 4*s = 1, 3*s - 1 = 2. Let v be u(t). Let w = 19 - v. What is the units digit of w?
1
Suppose 11*m - 10*m - 2271 = 0. What is the tens digit of m?
7
Let q = -78 + 86. What is the units digit of 596/7 + (q/14)/(-4)?
5
Let a(p) = p**3 + 20*p**2 + p + 23. Let x be a(-20). Suppose -x*y - 252 = -5*y. What is the hundreds digit of y?
1
Let t be 4 + (-5)/5 + -1. Suppose 3*f = -4*h + 323, 0 = -t*h - 5*f - 72 + 237. What is the units digit of h?
0
Let l(q) be the first derivative of q**3/3 - 3*q**2/2 - q - 3. Let r be l(-1). Suppose -i + 4 = 2*m + r*m, 5*m - 61 = -4*i. What is the tens digit of i?
1
Let w be -85*3*(-4)/12. Let c = w - 47. What is the units digit of c?
8
Suppose 96*t - 100*t = -20. Suppose -6*k = -k - s - 608, -3*k = t*s - 348. What is the tens digit of k?
2
Suppose 2059 = 4*a + 3*n - 580, 2*a + n - 1317 = 0. What is the hundreds digit of a?
6
Let c = -31 - -37. Suppose 0 = 2*n - c, 2*a + 0*a - n - 155 = 0. What is the tens digit of a?
7
Suppose 0 = -11*p + 3*p + 28544. What is the thousands digit of p?
3
Let h = -60 + 24. What is the tens digit of (8/h - 2/(-9)) + 138?
3
Let d(j) = 14*j**2 - 346*j + 71. What is the tens digit of d(36)?
5
Let p = 297 - 190. What is the hundreds digit of p?
1
Let o(k) = 43*k + 16. Suppose -3*r = -6*r + 21. What is the tens digit of o(r)?
1
Let a(s) = -2*s + 30. Let n be a(-24). Let u = -1 - -4. Suppose 31 = 4*c + t - 39, n = 4*c - u*t. What is the tens digit of c?
1
Suppose -23296 = -18*j - 8*j. What is the hundreds digit of j?
8
Suppose 0 = -4*k + 2*k + 170. Suppose b = c - k, b = 3*c - b - 260. What is the units digit of c?
0
What is the tens digit of 6/(-1) - 1*(12 + -1015)?
9
Suppose 2*k - 2*q = -7*q + 210, 3*k + 2*q = 326. Let x = 48 - k. Let z = x - -119. What is the tens digit of z?
5
What is the hundreds digit of ((-1118)/(-2))/(50 + -49)?
5
Suppose 6*z - 11687 = -25*z. What is the tens digit of z?
7
Let f be (8/(-6))/((-2)/27). Let g = -18 + f. Let n(m) = -m**3 + 2*m + 29. What is the units digit of n(g)?
9
Let t = 89 - 61. Suppose -p = t + 9. What is the tens digit of -2 - (4 - 5) - p?
3
Suppose 0 = -l - 2*f + 633, -4*l + 581 = 3*f - 1966. What is the hundreds digit of l?
6
Suppose -9 = -h - 2*h. Suppose h = 4*m - 9. What is the tens digit of 70 - -3*2/m?
7
Suppose 37*x - 46*x = -1647. What is the units digit of x?
3
Suppose -5*u = 5*d + 315, 3*d + 4*u - 228 = 7*d. Let r = d - -71. What is the tens digit of r?
1
Suppose -3*t + 11*t = -400. Let z be (-2820)/t + 2/(-5). Suppose -a = a - 2*y - z, -2*a + 4*y = -56. What is the tens digit of a?
2
Let h(q) = -q**3 + 2*q**2 + 5. Let o be h(-4). Suppose 2*p - 123 + 25 = -5*v, v = 0. Suppose 5*i - o = p. What is the tens digit of i?
3
Suppose 1 = 3*o + 2*t, -o - 3*t = 2*o + 3. Suppose y - 8 = -o*y. Suppose -4*d + 36 = -y*d. What is the tens digit of d?
1
Suppose -r - 7194 = 5*t + r, 5772 = -4*t + 4*r. What is the units digit of (-1)/(-5) + t/(-50)?
9
Suppose -3*j - 3*n + 2241 = 0, -6*j - 5*n = -11*j + 3775. What is the hundreds digit of j?
7
Let t(y) = 3*y - 16. Let b be t(6). Suppose -130 = r + 4*n, r = -r + b*n - 210. What is the units digit of (-9)/12 + r/(-8)?
3
Let u = 5201 + -3063. What is the tens digit of u?
3
Let a be (-6 - (-3)/3) + 1. Let c(i) = -i**3 - 4*i**2 + 3. Let v be c(a). What is the tens digit of 34*(v/(-6) - -1)?
1
Let u be (-7)/((-28)/(-8)) - -1. Let n be -7 + 7 - (-25 + u). Suppose -3*z + n + 13 = 0. What is the units digit of z?
3
Suppose -958 = -8*a + 1306. What is the units digit of a?
3
Let c(q) = -q**3 + 2*q**2 + 4*q + 1. Let k be c(3). Let h be -2 + k - (2 + -4). Suppose 4*m - 132 = -h*o, 2*o - 3*o = -4*m - 53. What is the tens digit of o?
3
Let n(x) be the second derivative of x**4/6 - 5*x**3/6 - 17*x. What is the tens digit of n(-5)?
7
Let h be (14 + -15)/(2/6). Let b be (5/h)/((-4)/12). Let q(l) = l**2 + 6*l - 4. What is the tens digit of q(b)?
5
Suppose 12 + 8 = 5*c. Suppose 0 = -3*v - c*k + 5, 4*v - 3*k = -2*k + 13. Suppose 74 = v*h + 17. What is the units digit of h?
9
Let b(c) = -3*c + 8. Let g(n) = -n**3 - 12*n**2 - 10*n + 2. Suppose -2*y = 33 - 11. Let q be g(y). What is the tens digit of b(q)?
3
Let f be (0 - 156)*7/(-21). Suppose -3*j = j + f. What is the tens digit of (-29)/(-3) - j/39?
1
What is the units digit of 846/(-24)*88/(-6)?
7
Let v = -29 + 8. Let h = 6 + v. What is the units digit of (-276)/h - (-2)/(-5)?
8
Suppose -4*i = 16, 2*i + 0 = 3*h + 22. What is the units digit of (-2)/(-2)*37 - (h - -8)?
9
Suppose 10*d = 4*d + 2022. What is the tens digit of d?
3
Suppose -4*c = 3*v - 0*c + 17, 5*v + 71 = 4*c. Let l = v + 15. Suppose